+ -9)
-22
Evaluate -11 - (19 + (-10 - -1) + (-1 - 29)).
9
What is the value of -3 - -2 - (13 + -28 + 16)?
-2
Calculate (-10 - -8) + 3 + -3 - -2.
0
Calculate 23 + -26 + 5 + 9.
11
What is the value of -249 - -251 - (1 + 8)?
-7
What is -18 + -7 + -2 + 20?
-7
Evaluate -3 + -6 - (9 - 7) - (-5 - 1).
-5
What is the value of 33 - 33 - -68 - 49?
19
Calculate 25 + (-18 - -1) - -14.
22
11 - (13 + -3 + (4 - 11) - -3)
5
Evaluate (243 - 225) + -15 + 1.
4
Calculate -2 + 8 - (2 + (5 - 10)).
9
What is the value of -4 + 12 + -12 + 0?
-4
What is 14 - 7 - -2 - -1?
10
What is -5 + 2 + -9 - (34 + -24 - 55)?
33
-3 - (-16 - (2 - 10))
5
Calculate (12 - (19 + -10)) + -4.
-1
Calculate -56 - (-66 - -34 - 4).
-20
Evaluate (-5 - 1) + (-193 - -199).
0
5 + (-63 - -76 - (5 + 0 + 1))
12
What is 5 + -3 - (17 + -11) - (4 + -11)?
3
What is 8 + -13 + (3 - -7 - 3) - 6?
-4
Evaluate 9 + 10 + -28 + 6.
-3
What is -28 + 24 - -7 - -16?
19
What is the value of -4 - (-133 + 132 + 0 + (-3 - 0))?
0
Calculate -4 + 16 + -9 + -2 - 9.
-8
Calculate -4 + (27 + -6 + -6 + 9 - 3).
17
Calculate (-2 - ((-59 - -57) + (0 - 0))) + 0.
0
Evaluate 6 + -5 + 1 + -8.
-6
Calculate 4 - (1 + 14 + -2).
-9
Evaluate 8 + 1 + -7 + (1 - (-5 - -3)).
5
Evaluate 160 - 152 - ((-1 + 1 - 11) + -1).
20
What is the value of 6 + -8 + 3 + 9 + 12?
22
Calculate 2 + (13 - 0) + -14.
1
Calculate 602 - 613 - (-28 - 0).
17
Evaluate (2 - -2 - -2) + -5 + -20 + -3.
-22
What is the value of -2 + (-16 - -30) + -23?
-11
Calculate 17 + (-25 - -12) + 6.
10
Calculate -127 - -166 - (18 + 0).
21
Evaluate -144 + 137 + (3 - 4) + 3.
-5
What is -64 + 57 - (1 - 13)?
5
Evaluate (-20 - (32 + -48)) + -1 + 12.
7
(4 - 3) + (-8 - (-29 - -9))
13
Calculate 5 + 0 - (-9 + 0 + 2 + -3).
15
What is the value of (-1 - (-3 - (2 - 1))) + 22 + -31?
-6
What is -7 + (1 - 6 - ((15 - 12) + -6))?
-9
What is the value of 6 + 1 + -24 + 72 + -87?
-32
What is the value of -3 - (11 + -19 + 12 - 7)?
0
Evaluate -4 + 0 + 0 + -18 + 19.
-3
1 + (-1 - (3 + 5 + 1 + -24))
15
Calculate 0 + -11 + (-2 - -11).
-2
-22 - (-2 - -1) - (10 + (-18 - -10))
-23
What is the value of (-243 + 239 - (1 + -2 - -6)) + -5?
-14
Calculate 11 + 2 + -7 + (9 - 1).
14
What is the value of 15 + 3 + -17 + 5?
6
Evaluate 29 + -28 + (1 - -2) - -9.
13
Evaluate (23 - -7) + 2 - 17.
15
2 - (6 + 3) - ((-12 - 2) + 10)
-3
Calculate 6 + -3 + -2 - (9 + -7 - 1).
0
Calculate -1 - (12 + 0 + -8 + 14).
-19
Evaluate -1 + 1 + 24 + -210 + 202.
16
-11 - ((5 - 4) + -4 + 9)
-17
(-43 - (4 + -29)) + -4 + 24
2
What is the value of 11 + -12 - 4 - 5 - -27?
17
Evaluate -2 + 6 + (-24 + 34 - -12).
26
What is (-1 - -5) + (653 - 650)?
7
5 - (-3 - (62 + -72 + 0 + 8))
6
-5 - 3 - (-13 + (-7 - 5 - -15))
2
Calculate 11 + 9 + -11 + -10 - -12.
11
What is -16 - (-32 - -38) - 5?
-27
Calculate 10 - -2 - 6 - (-5 + 7 - -1).
3
Evaluate -2 + (5 - ((0 - 7) + (11 - -10))).
-11
Evaluate 23 - (-3 - -10 - 17 - -17).
16
Evaluate -1 - (16 - (0 + 3)) - 23.
-37
What is the value of -17 + (8 - (-18 + 11))?
-2
What is 1 + 2 + (5 - (-3 - -10) - 0)?
1
Evaluate 12 - 0 - (-51 - -53) - -2.
12
-13 + 7 + -5 + -7 - 8 - -5
-21
19 - 0 - (13 - 3)
9
Evaluate 27 + 4 + -9 + 18 + -31.
9
What is the value of -14 + (-38 + 13 - -21)?
-18
Evaluate (-9 + 7 + 1 - -4) + -1.
2
Evaluate 5 - (-2 + 3 + -3 + (18 - 9)).
-2
Calculate 4 + (9 - 29) - (4 - (-2 - -2)).
-20
What is the value of 21 + 26 + (-25 - -9) + -1?
30
Evaluate 5 - (105 - 83 - (9 + -1)).
-9
(-5 - -37) + -38 + (0 - 2)
-8
Calculate 134 - 116 - (-4 + 43).
-21
Calculate -3 - (8 + -8 + -2 - -4).
-5
Calculate -14 - (11 - (-5 + 28)).
-2
What is the value of 1 + 11 + (22 - -20 - 34)?
20
Calculate (6 - (-14 + 0 + 3)) + -1 + -7.
9
Calculate 6 + 23 + 3 + 5 - 12.
25
What is -22 + 36 + -5 + -6?
3
What is -4 + (8 - (4 + (-11 - -13))) + 22?
20
What is the value of 19 - (5 + -2) - (235 + -224)?
5
Calculate 4 - (1 + -1 + (-14 - -7)).
11
What is the value of 13 - (0 + -5 + 11)?
7
What is the value of (-7 - (7 - 11 - 1)) + (-2 - -2)?
-2
What is -305 + 316 - (7 + -3)?
7
((16 - 7) + 6 - 9) + 7
13
Calculate 1 + (5 - (4 - -4 - (-30 - -2))).
-30
Evaluate 3 + -6 - (36 - 45) - (3 - 2).
5
Evaluate (11 - -1) + (0 - 18 - -11) - -13.
18
16 - (-15 + 48) - -8
-9
2 - 3 - (-3 - (4 - 13))
-7
What is the value of (14 - 10) + -7 + -2 + 1?
-4
Evaluate 0 + 7 + -4 + 1 + 3 + -5.
2
Evaluate (4 - (17 - 8)) + 9 + -7.
-3
Calculate 18 - (12 - 6) - -3.
15
What is -1 + (6 - (1 - 0)) + (57 - 57)?
4
-4 + (-6 - -2 - (-42 + 30)) + -7
-3
What is the value of 8 + -1 + (-17 + 12 - 11)?
-9
What is the value of 21 + -26 + 14 + -4?
5
Evaluate 1 + -17 + 0 - (-39 + -12).
35
Evaluate (-2 + -3 - 2) + (5 + 5 - 6).
-3
8 + (7 - (-8 + 6 + (29 - -4)))
-16
What is the value of (20 - (22 - -18)) + 15 + -7?
-12
Calculate (-122 - -128) + (-6 - 1).
-1
What is -143 - -116 - (-1 - 0)?
-26
-4 + (5 + -2 - 2) - (-5 - -13)
-11
What is the value of -18 + (7 - 5 - 9 - (-3 - 5))?
-17
What is -17 + (22 - 16 - (2 - -14))?
-27
What is -59 + 68 - (4 - -1)?
4
Evaluate 55 + -25 + -23 + 5 + 1.
13
Evaluate (67 - 51) + -1 + -7 - 8.
0
-5 + 0 + 1 - (42 + -45)
-1
What is the value of -6 + (-40 + 1 - -30)?
-15
Calculate (2 + -7 - 2) + (-177 - -185).
1
Evaluate 17 + (-7 - (-10 + 10)) + -29.
-19
Calculate -1116 - -1129 - (33 + -2).
-18
Evaluate -19 - (-35 - -9 - -29).
-22
Evaluate (95 + 17 - 69) + (-19 - 0).
24
Calculate -1 - -3 - (6 - 3 - -6).
-7
-14 - (14 + -22 + 6)
-12
Evaluate -32 - -25 - -28 - -16.
37
What is 20 - (6 + -22 - -39)?
-3
What is -3 + 14 - 0 - (-43 - -33)?
21
Evaluate -25 + 0 + 7 + 8.
-10
What is the value of 5 + 12 + 8 + -19 + 2?
8
Calculate 0 + (1 - (8 + (4 - 5) + -14)).
8
What is -15 - (-10 + -3 + 11)?
-13
What is the value of -4 + 4 + (-1 - (4 + 5 + -7))?
-3
What is the value of 8 + (2 - -7 - 1 - 8)?
8
What is the value of 3 - 2 - (-53 - -28 - 13)?
39
What is 1 + -21 - (-1 + (-1 - -9 - 14))?
-13
What is 1 - 21 - (-10 - -5 - 4)?
-11
Calculate 0 + 14 - (18 + -39 + 23).
12
Calculate 346 + -349 + -3 + (1 - 2).
-7
-16 - (-14 + 8 + (16 - 7))
-19
Evaluate -5 - (-2 - (-1 + 3)) - (-31 - -16).
14
What is the value of 29 + (19 - 11 - (0 - 2) - 6)?
33
Evaluate (-1 - 6) + 0 - (-30 - -28).
-5
Calculate -16 - 0 - (-54 - (8 - 21)).
25
What is -34 + 3 + 71 + (-4 - (5 + -1))?
32
Evaluate -18 + 16 - (-6 - -3 - 2) - 13.
-10
What is 14 + 23 + 1 - (15 + 0)?
23
Calculate (-7 - (-14 - 8)) + -35.
-20
Evaluate -8 + -9 + 11 + 12.
6
What is -7 - (-7 - (-8 + (1 - (-9 - -5))))?
-3
Calculate -23 + 32 - (25 - -2) - -3.
-15
Calculate -11 - 0 - (11 - (-4 + 18)).
-8
What is the value of -38 + (-5 - 16) - -31?
-28
11 - ((-13 - -6) + 13 - 3)
8
Calculate 19 - 18 - 8 - (-38 - -6).
25
What is -13 + (-11 - (-14 - 8) - -4)?
2
What is the value of (-17 - 0 - (-200 - -181)) + 1 + -11?
-8
What is (-14 - 2) + 49 + -22?
11
Evaluate -3 + ((-7 - -6) + -3 - 5 - -7).
-5
Calculate -6 + (8 - (7 + -5)) + 6.
6
What is 2 + -14 - (0 + -17 - -11)?
-6
Calculate 15 - (-5 + (6 - -15)).
-1
What is the value of -2 - (14 + -6) - (-34 - -3)?
21
Evaluate -2 + -5 + (7 - (10 - 11)).
1
What is 0 + -1 + 9 + -72 + -42 + 99?
-7
Evaluate 1 - (23 - 32) - (3 - (11 - -1)).
19
11 + -2 + -32 + 21
-2
Calculate 5 - (-12 - (3 - 13)).
7
What is the value of -1 + -8 - (68 + -63)?
-14
What is -21 - (-41 + 13) - (1 - (0 + 6))?
12
What is the value of -17 - (-6 + (15 - (-7 + 8 - -2)))?
-23
Evaluate 18 + (41 + -46 - (-2 + 1 - 0)).
14
Calculate -12 + (-39 + 109 - 33).
25
(-10 - (3 + 5 - 11)) + 27
20
Calculate 0 + -6 + (-5 - -6) + 4.
-1
Calculate (9 + -6 - 6 - -9) + 1 + 4.
11
(24 - 44) + (13 - -5)
-2
What is (0 - -5) + (23 - (34 + -15) - -7)?
16
Calculate 2 + 1 + -4 + -3 + -12.
-16
Evaluate -8 + 0 + -95 + 88 + 8 - -7.
0
What is (0 - -2 - -17) + (302 - 307)?
14
12 - (-11 + (-8 - -21))
10
-54 - -69 - (19 - 1)
-3
-152 - -163 - (-1 - (-4 + 2))
10
Evaluate (9 + -8 - -6) + (11 + -5 - 15).
-2
Calculate -6 - -11 - (-34 - -37).
2
What is ((7 - 0) + -3 - 6) + 13?
11
(2 - (-5 + 0 + -2) - 15) + 4
-2
11 + 26 + -45 + 11 + 0
3
What is 18 + (15 - (8 + 5))?
20
Calculate (2 - ((2 - 4 - -8) + -8)) + 10.
14
Calculate -18 + 27 + 50 + -39.
20
What is the value of 10 + 23 + -28 - 25?
-20
Evaluate (-1 - 5) + -1 + 3 - -1.
-3
Calculate 14 + 2 + -112 + 102 + (-1 - 19).
-14
Evaluate 9 + (7 - 14) + 8 + -11 + 18.
17
What is the value of 4 + -7 + (0 - 11) + 8 + -9?
-15
What is (0 - 3) + (-389 - -355)?
-37
Evaluate -17 